{"id":950,"date":"2021-04-15T12:46:42","date_gmt":"2021-04-15T11:46:42","guid":{"rendered":"https:\/\/dex.uni-ak.ac.at\/?page_id=950"},"modified":"2026-03-19T13:08:49","modified_gmt":"2026-03-19T12:08:49","slug":"prufungstermine-2","status":"publish","type":"page","link":"https:\/\/dex.uni-ak.ac.at\/?page_id=950","title":{"rendered":"PR\u00dcFUNGSTERMINE"},"content":{"rendered":"\n<pre class=\"wp-block-preformatted\"><strong><mark style=\"background-color:rgba(0, 0, 0, 0)\" class=\"has-inline-color has-medium-pink-color\">TERMINE BACHELOR &amp; MASTER <\/mark><\/strong>| kommissionelle Pr\u00fcfung<br>Die Termine f\u00fcr die kommissionelle Pr\u00fcfung im <br>Winter- und Sommersemester sind jeweils:<br> ERSTE Semesterwoche MI (&amp; DO\u00b0)<br> VORLETZTE Semesterwoche MI (&amp; DO\u00b0)<br>  Bei Bedarf auch nach Allerheiligen bzw. nach den Osterferien.<br> \u00b0nur im Bedarfsfall, falls am MI-Pr\u00fcfungstermin mehr als <br>  acht Anmeldungen vorliegen!<br><br>LEITFADEN KOMM.PR\u00dcFUNG <strong><a href=\"https:\/\/dex.uni-ak.ac.at\/?page_id=722\" target=\"_blank\" rel=\"noreferrer noopener\">KLICK<\/a><\/strong><br><br><strong>TERMINE<\/strong> \/\/ Aktualisiert 19 M\u00c4R 2026<br> <br> MI 15 APR 2026  Anmeldefrist: MO 02 M\u00c4R 2026<br> MI 24 JUN 2026  Anmeldefrist: MO 11 MAI 2026<br> MI 07 OKT 2026  Anmeldefrist: MO 24 AUG 2026<br> MI 25 NOV 2026  Anmeldefrist: MO 12 OKT 2026<br> MI 20 J\u00c4N 2027  Anmeldefrist: MO 07 DEZ 2026<br> MI 03 M\u00c4R 2027  Anmeldefrist: MO 18 J\u00c4N 2027<br> MI 07 APR 2027  Anmeldefrist: MO 22 FEB 2027<br> MI 23 JUN 2027  Anmeldefrist: MO 10 MAI 2027<br>---<br><br><strong><mark style=\"background-color:rgba(0, 0, 0, 0)\" class=\"has-inline-color has-medium-pink-color\">ABGABE DER WISSENSCHAFTLICHEN BZW. K\u00dcNSTLERISCHEN ARBEITEN<\/mark><\/strong><br>Alle Details zum Studienabschluss bitte den Informationen der Studienabteilung folgen <a href=\"https:\/\/www.dieangewandte.at\/abschluss\" target=\"_blank\" rel=\"noreferrer noopener\"><strong>KLICK<\/strong><\/a><br><br><strong>BACHELOR<\/strong><br>  Die Bachelorarbeiten werden nur in digitaler Form auf <br>  <a href=\"https:\/\/phaidra.bibliothek.uni-ak.ac.at\/info\/thesis_upload\" target=\"_blank\" rel=\"noreferrer noopener\">PHAIDRA<\/a> hochgeladen.<br><strong>MASTER<\/strong><br>  Die Masterarbeit wird einerseits als gebundene Ausgabe in der<br>  Studienabteilung abgegeben und in digitaler Form auf <br>  <a href=\"https:\/\/phaidra.bibliothek.uni-ak.ac.at\/info\/thesis_upload\" target=\"_blank\" rel=\"noreferrer noopener\">PHAIDRA<\/a> hochgeladen.<br> <br>  Die MA Arbeit<strong> MUSS <\/strong>bei der Anmeldung zur<br>  kommisssionellen Pr\u00fcfung benotet sein!<br><br>---<br><br><strong><mark style=\"background-color:rgba(0, 0, 0, 0)\" class=\"has-inline-color has-medium-pink-color\">ANMELDUNG ZUR KOMMISSIONELLEN PR\u00dcFUNG<\/mark><\/strong> <strong>|\u00a0BACHELOR &amp; MASTER<\/strong><br>Die Anmeldung zur kommissionellen Pr\u00fcfung erfolgt nur mit einem vollst\u00e4ndig ausgef\u00fcllten Anmeldeformular!<br> <br> <strong>BACHELOR<\/strong> Anmeldeformular <strong><a href=\"https:\/\/dex.uni-ak.ac.at\/wp-content\/uploads\/2024\/01\/BA_ANMELDUNG_KOMMPRUe_12_23-1.pdf\" target=\"_blank\" rel=\"noreferrer noopener\">KLICK<\/a><\/strong><br> <strong>MASTER<\/strong>   Anmeldeformular <strong><a href=\"https:\/\/dex.uni-ak.ac.at\/wp-content\/uploads\/2024\/01\/MA_ANMELDUNG_KOMMPRUe_12_23-1.pdf\" target=\"_blank\" rel=\"noreferrer noopener\">KLICK<\/a><\/strong><br><br>Bitte das pdf Formular downloaden und <strong>NUR im Acrobat-Reader<\/strong> ausf\u00fcllen! Beim Abspeichern des Files dieses wie folgt benennen: <br><br> <strong>BACHELOR<\/strong> BA_NACHNAME_Vornamen.pdf<br> <strong>MASTER<\/strong>   MA_NACHNAME_Vornamen.pdf<br><br>Dieses ist bis sp\u00e4testens 6 Wochen vor Pr\u00fcfungstermin mit den BA oder MA Arbeit (.pdf) auf die Angewandte-Cloud hochzuladen (LINK am Anmeldeformular folgen!).<br>Best\u00e4tigung f\u00fcr das Hochladen wird im LINK-Fenster angezeigt (siehe unten!)<br><br>---<br><br>Die schriftlichen BA Arbeiten bzw. die MA Arbeit m\u00fcssen zur kommissionellen Pr\u00fcfung in gedruckter Form der Kommission vorgelegt werden.<br><br>---<br><br>F\u00fcr Studierende, die ihr BA_Studium k\u00fcrzer als in 8 Semestern absolvieren, ist ein Antrag zur <em>Verk\u00fcrzung Portfolio<\/em> beim Studiendekan einzuriechen.<br>Antrag <a href=\"https:\/\/dex.uni-ak.ac.at\/wp-content\/uploads\/2023\/10\/ANTRAG-PORTFOLIO_.pdf\" target=\"_blank\" rel=\"noreferrer noopener\">KLICK<\/a><\/pre>\n\n\n\n<figure class=\"wp-block-image size-full\"><img loading=\"lazy\" decoding=\"async\" width=\"800\" height=\"544\" src=\"https:\/\/dex.uni-ak.ac.at\/wp-content\/uploads\/2023\/03\/HOCHLADEN_i.jpg\" alt=\"\" class=\"wp-image-2054\" srcset=\"https:\/\/dex.uni-ak.ac.at\/wp-content\/uploads\/2023\/03\/HOCHLADEN_i.jpg 800w, https:\/\/dex.uni-ak.ac.at\/wp-content\/uploads\/2023\/03\/HOCHLADEN_i-300x204.jpg 300w, https:\/\/dex.uni-ak.ac.at\/wp-content\/uploads\/2023\/03\/HOCHLADEN_i-768x522.jpg 768w\" sizes=\"auto, (max-width: 800px) 100vw, 800px\" \/><\/figure>\n\n\n\n<pre class=\"wp-block-preformatted\"><strong>PORTFOLIO <\/strong>\n Die Portfoliopr\u00e4sentation f\u00fcr Kanditat*innen der kommissionellen\n Pr\u00fcfung (BA) findet am MO um 1600 vor dem Pr\u00fcfungstermin statt. \n\n LEITFADEN PORTFOLIO <strong><a rel=\"noreferrer noopener\" href=\"https:\/\/dex.uni-ak.ac.at\/?page_id=722\" target=\"_blank\">KLICK<\/a><\/strong><\/pre>\n","protected":false},"excerpt":{"rendered":"<p>TERMINE BACHELOR &amp; MASTER | kommissionelle Pr\u00fcfungDie Termine f\u00fcr die kommissionelle Pr\u00fcfung im Winter- und Sommersemester sind jeweils: ERSTE Semesterwoche MI (&amp; DO\u00b0) VORLETZTE Semesterwoche MI (&amp; DO\u00b0) Bei Bedarf auch nach Allerheiligen bzw. nach den Osterferien. \u00b0nur im Bedarfsfall, falls am MI-Pr\u00fcfungstermin mehr als acht Anmeldungen vorliegen!LEITFADEN KOMM.PR\u00dcFUNG KLICKTERMINE \/\/ Aktualisiert 19 M\u00c4R 2026 &hellip; <a href=\"https:\/\/dex.uni-ak.ac.at\/?page_id=950\" class=\"more-link\">Continue reading <span class=\"screen-reader-text\">PR\u00dcFUNGSTERMINE<\/span><\/a><\/p>\n","protected":false},"author":5,"featured_media":0,"parent":0,"menu_order":0,"comment_status":"closed","ping_status":"closed","template":"","meta":{"footnotes":""},"class_list":["post-950","page","type-page","status-publish","hentry"],"_links":{"self":[{"href":"https:\/\/dex.uni-ak.ac.at\/index.php?rest_route=\/wp\/v2\/pages\/950","targetHints":{"allow":["GET"]}}],"collection":[{"href":"https:\/\/dex.uni-ak.ac.at\/index.php?rest_route=\/wp\/v2\/pages"}],"about":[{"href":"https:\/\/dex.uni-ak.ac.at\/index.php?rest_route=\/wp\/v2\/types\/page"}],"author":[{"embeddable":true,"href":"https:\/\/dex.uni-ak.ac.at\/index.php?rest_route=\/wp\/v2\/users\/5"}],"replies":[{"embeddable":true,"href":"https:\/\/dex.uni-ak.ac.at\/index.php?rest_route=%2Fwp%2Fv2%2Fcomments&post=950"}],"version-history":[{"count":138,"href":"https:\/\/dex.uni-ak.ac.at\/index.php?rest_route=\/wp\/v2\/pages\/950\/revisions"}],"predecessor-version":[{"id":3030,"href":"https:\/\/dex.uni-ak.ac.at\/index.php?rest_route=\/wp\/v2\/pages\/950\/revisions\/3030"}],"wp:attachment":[{"href":"https:\/\/dex.uni-ak.ac.at\/index.php?rest_route=%2Fwp%2Fv2%2Fmedia&parent=950"}],"curies":[{"name":"wp","href":"https:\/\/api.w.org\/{rel}","templated":true}]}}